6492 = -116*y + 3483 + 4981. Suppose -a = -2 - 1. Suppose -a*v + 14 = -v. What is the remainder when y is divided by v?
3
Let s(h) = 5*h**2 - 37*h + 44. Calculate the remainder when s(18) is divided by 76.
10
Calculate the remainder when 191 is divided by (-7)/(7843/990 + -8).
11
Suppose 2*s = -3*u + 503, 59*u + 361 = 61*u + 5*s. What is the remainder when 179 is divided by u?
16
Suppose -3*l + 6 = 2*t, 5*l - 6*t + 3*t = 29. Suppose -6*j + 941 = -2*j - 5*k, 0 = j + l*k - 251. What is the remainder when j is divided by 12?
11
Suppose -208*y + 13190 + 617 = 1743. Calculate the remainder when 142 is divided by y.
26
Let h be 4 - (2 - (-84)/(-15))*10. Let x = h - -3. Calculate the remainder when x is divided by 15.
13
Suppose 0 = -14*h + 1846 - 1762. What is the remainder when 598 is divided by h?
4
Suppose 2*y + 0*w - w = 106, -4*w = 0. Suppose 4*f = 31 + y. Suppose 580 = 11*i + 129. What is the remainder when i is divided by f?
20
Let y(a) = a**3 + 19*a**2 + 59*a + 35. Let u be y(-15). Suppose z = 5, -3*z + u = 5*v - 2*z. Calculate the remainder when 51 is divided by v.
6
Let l = 259 - 271. Let d(x) = x**3 + 13*x**2 + 6*x - 21. What is the remainder when d(l) is divided by 19?
13
Let j = 3023 - 2797. Let n(y) = -25*y + 1. What is the remainder when j is divided by n(-3)?
74
What is the remainder when 335 is divided by 64/(-4) + 300/6?
29
Let d = -500 - -586. Calculate the remainder when d is divided by (-210)/126*141/(-5).
39
Let k = -4767 - -4793. What is the remainder when 116 is divided by k?
12
Suppose -3*h + 122 = -2*h. Let w = h - 67. Let t = -526 - -546. Calculate the remainder when w is divided by t.
15
Suppose 0 = 11*r - 16*r - 20. What is the remainder when 0 - -2 - (-84)/2 is divided by (3 + -4)*(-23 - r/1)?
6
What is the remainder when (-70)/4*13/((-819)/15192) is divided by 21?
20
Suppose -5*w - 37 = 2*j - 109, -20 = 5*j. Suppose -5*b = -25, -5*t + 4*t = -5*b - 131. What is the remainder when t/234 - (-1526)/6 is divided by w?
15
Let o(a) = -16*a + 40. Let b be o(2). What is the remainder when 78 is divided by (400/35)/(b/(-84)*-3)?
38
Let u = -309 + 456. Let j = u + 132. Calculate the remainder when j is divided by 56.
55
Let u(v) = 23*v**3 - 3*v**2 + 3*v - 1. Let l = 11 + -9. Suppose -5*j + 10 = 5*q, -6*q + l*q + 2*j + 2 = 0. Calculate the remainder when 86 is divided by u(q).
20
Suppose -18*m = -4*q - 23*m + 322, 3*q - 5*m = 294. What is the remainder when q is divided by 15?
13
What is the remainder when (-212)/(-159) + 14/18*15 is divided by ((-12)/14)/(2/(-14))?
1
Let g be 30/27 - (-1)/(-9) - -37. Let y = 22 + g. Calculate the remainder when y is divided by 27.
6
Suppose 21*l - 33 = 10*l. Suppose 2*f = -6*b + 3*b + 6, 2*b = -5*f - 7. Calculate the remainder when b is divided by l.
1
Let l be 0 + (0 - 1) - -1. Suppose 3*k = z - l*k - 6, -4*k = -16. Calculate the remainder when 23 is divided by z.
5
Suppose -209*m + 207*m - 5*i + 147 = 0, -3*m - i = -188. Calculate the remainder when 411 is divided by m.
45
Suppose -3*r + 42 = 4*h, -25 = -5*h - 5*r + 25. Suppose 0 = h*y - 10*y - 36. Suppose -3*u + 6 = -y. Calculate the remainder when 21 is divided by u.
5
Let f = 10272 + -10163. Calculate the remainder when 1301 is divided by f.
102
Let f(i) = 32*i**2 + 1984*i + 45. What is the remainder when 203 is divided by f(-62)?
23
Let z = -4 - -37. Calculate the remainder when 71 - 1*(48/80 - 46/10) is divided by z.
9
Let z = 8596 - 8458. What is the remainder when 151 is divided by z?
13
What is the remainder when 856 is divided by (-26)/(-3)*(-21450)/(-1100)?
11
Let g = -17037 + 17127. Calculate the remainder when g is divided by 59.
31
Let b(g) = g**3 - 4*g**2 - g + 5. Let h be b(3). What is the remainder when 92 is divided by ((-56)/h)/(-3*(-2)/9)?
8
Suppose -2*u - 154 = -5*i, 3*i + 4*u - 27 = 55. What is the remainder when 199 is divided by i?
19
Let a = 1556 + 1163. Suppose 34*s + 135 = a. Calculate the remainder when 93 is divided by s.
17
Let g(d) = 168*d**2 - d - 1. Let l(q) = 3*q**3 - 19*q**2 + 26*q + 13. What is the remainder when g(-1) is divided by l(2)?
12
Let i = -16029 + 16078. Let c = -29 - -57. Calculate the remainder when i is divided by c.
21
Let x(q) = 1. Let d(t) = t + 2. Let j(s) = -d(s) + 5*x(s). What is the remainder when j(-4) is divided by 2?
1
Suppose 8*u - 120 - 3072 = 0. Calculate the remainder when u is divided by 81.
75
Let d be (-2538)/234 + 4/(-26). Let v be (d/2)/((-6)/(-12)). What is the remainder when 33/v - (-58)/2 is divided by 7?
5
Suppose 0 = -4*o - 4*b - 56, 2*o - 3*b - 10 = 3*o. Let g = o + 60. Let w = 22 + -7. What is the remainder when g is divided by w?
14
Let m be (1 + -449)*(1 - 2). Suppose -5*h - m = -9*h + l, 107 = h + l. What is the remainder when h is divided by 19?
16
Let s = -33 - -34. Calculate the remainder when 64 is divided by -7 + 2 + s*41.
28
Let a(l) = -l**3 - 11*l**2 - 2*l - 19. Let s be a(-11). Suppose 0 = 4*t + p - 27 + 11, -t = s*p - 4. What is the remainder when 10 + 2/(2 + 0) is divided by t?
3
Let i(w) = -2*w + 29. Calculate the remainder when i(0) is divided by (6 - (-12 + 8))*1.
9
Let f be 9 - (-273)/(-28) - (-7206)/8. Suppose f = -41*g + 53*g. What is the remainder when g is divided by 28?
19
Let h = -1161 - -1168. Calculate the remainder when 15 is divided by h.
1
Let m(i) = -2*i**3 + 9*i**2 - 3*i + 11. Let d = 24 - 16. What is the remainder when m(4) is divided by d?
7
Let p(q) = -2*q**3 - 3*q**2 - 7*q - 10. Let v be p(-8). Let l = v - 448. Suppose 0 = 3*d - 203 - l. Calculate the remainder when d is divided by 53.
52
Let b = -1020 + 1029. Suppose -31 - 158 = -b*l. Suppose 2*f + 57 = p, -2*p + 3*f - 15 + 130 = 0. Calculate the remainder when p is divided by l.
17
Let b(a) = -a**2 + a + 3. Let w be b(0). Suppose -103 = -w*z + 14. Suppose 3*s + 3168 = 47*s. Calculate the remainder when s is divided by z.
33
Suppose -3*x + 27 = 4*m, 4 = -m + 3*x + 7. Let c be (m + 6)*(0 - 6/8). What is the remainder when 33 is divided by c/(-2)*(-16)/(-6)?
9
Let f = -1019 - -1022. Let j be (0 + -2)/(0 - 1). Suppose f*z - 87 = 4*s - j*s, z - 29 = -4*s. Calculate the remainder when 115 is divided by z.
28
Let o(m) = m**3 - 8*m**2 + 16*m + 31. Let d be o(9). Suppose 3*k - d = 5*h, 4*k - 328 = 7*h - 3*h. What is the remainder when k is divided by 26?
25
Let f = -30033 + 30128. Calculate the remainder when f is divided by 91.
4
Let a = -6723 + 8667. Calculate the remainder when a is divided by 17.
6
Suppose -9 = -3*l, 3*z - l - 35 - 91 = 0. Suppose 0 = 3*k - 5*h - 882, 2*k - 3*k - 5*h + 314 = 0. What is the remainder when k is divided by z?
41
Calculate the remainder when -7 + 343 - 1*0/(-7) is divided by 49.
42
What is the remainder when (-5)/(10/18) + (-8288)/(-7) is divided by 131?
127
Let r = 1186 - 1158. Let s = 481 + -292. What is the remainder when s is divided by r?
21
Let x = 8849 - 8815. What is the remainder when 1945 is divided by x?
7
Let n = 3 + -3. Suppose 5*t - 51 = -4*j, n = -2*t + 3*t + 1. Calculate the remainder when (625/(-250))/((-10)/104) is divided by j.
12
Suppose 2*i - 27*m + 22*m = 472, 0 = 2*i - m - 464. What is the remainder when i is divided by 87?
57
Let l(z) = 9*z**2 - 24*z + 399. Calculate the remainder when 3654 is divided by l(14).
0
Suppose -161 = -4*u + 15 + 164. What is the remainder when 411 is divided by u?
71
Let k = 353 + -213. Let u = k + -100. Let n = 345 + -189. Calculate the remainder when n is divided by u.
36
Let a(x) = -9*x - 83. Let h = 121 - 134. What is the remainder when a(h) is divided by 19?
15
Let j be 0 + 2 + 1 + 2. Let z = j + 4. Calculate the remainder when 126/27*15/2 is divided by z.
8
Let r be (-7 - (6 - 19)) + -8. What is the remainder when (3 + -21)*15/r is divided by 35?
30
Let j = 234 - -35. Calculate the remainder when j is divided by (-1312)/(-8528) + 1515/39.
35
What is the remainder when 1061 is divided by 29/((-261)/42)*-12?
53
Suppose -4*y + 44 = 2*o, o + 61 = 5*y - 8. Suppose 0 = 3*a + 4*b - 153, -9*a = -6*a - b - 153. What is the remainder when a is divided by y?
12
What is the remainder when (141/282)/((-275)/(-549) - (-3)/(-6)) is divided by 261?
27
Let g(b) = -111*b - 231. What is the remainder when g(-3) is divided by 45?
12
Let f(i) = i + 32. Suppose -2*s - q = -12, 11*s - q = 752 - 738. What is the remainder 